11). What is the highest common factor of 44 and m?
4
Suppose 5*w - 302 = -3*k + 423, w + 2 = 0. What is the greatest common divisor of k and 196?
49
Let r(k) = -6*k - 4. Let a be r(-4). Let h be (1 + 9)*(-80)/(-10). Calculate the greatest common divisor of h and a.
20
Suppose 4*r - w = 32, -14*w + 12*w - 37 = -5*r. Suppose 3*k - 4 = -3*x - 1, -3*x = -5*k + 45. Calculate the greatest common divisor of r and k.
3
Let l = 71 - 47. What is the greatest common divisor of 104 and l?
8
Let b be 418/11*(0 + -1). Let d = -4 - b. What is the greatest common divisor of d and 17?
17
Suppose 96 + 0 = 4*w. Let x be 26/(-117) + (-3098)/(-9). Suppose 2*i - 164 = 5*g, 4*g = -3*i - 2*i + x. Calculate the highest common divisor of i and w.
24
Let n be (-15)/(-6) + (-29412)/(-152). Calculate the greatest common divisor of 112 and n.
28
Suppose -5*t - 2*g = -7, 0*t + 4*g = 4*t - 28. Let b be (t/(-2))/(10/(-20)). Suppose -2*r + b*r - 10 = 0. Calculate the greatest common divisor of r and 10.
10
Let s be 288/(-28) - 10/(-35). Let o = 66 + s. Calculate the greatest common divisor of o and 84.
28
Suppose -4*c - 10 = -6*c. Suppose c*i = 1200 - 425. What is the highest common divisor of 31 and i?
31
Let h = 738 + 2401. Calculate the greatest common factor of 73 and h.
73
Suppose -12 = 4*d, 10*j = 5*j + 2*d + 176. What is the highest common factor of 85 and j?
17
Let f be -27*45*6/(-15). Suppose 5*p = 5*m - 2*m + f, 189 = 2*p - 3*m. What is the highest common divisor of 11 and p?
11
Suppose -2*s - 2*s + 84 = 0. Suppose 2*a + 9 = s. What is the greatest common divisor of a and 9?
3
Let s = -39 - -43. Suppose -s*r + r = -120. What is the highest common divisor of r and 360?
40
Suppose 22 + 2 = -3*m. Let h = m - -14. Let j be (-2)/((-2)/(60 - 6)). What is the greatest common divisor of j and h?
6
Let a(r) = r**2 + 8*r + 5. Let p be a(-8). Suppose 3*s - 168 = -p*i, 2*i - 61 = 3*s + 23. What is the greatest common factor of i and 12?
12
Suppose 0 = 35*s - 2013 - 5582. What is the highest common factor of 14 and s?
7
Let g(u) = 9*u + 99. Let q be g(0). Calculate the greatest common divisor of 18 and q.
9
Suppose -5*h - 3*s + 10 = -0*s, 0 = -3*s + 15. Let c be -62*h*2/4. Calculate the greatest common factor of c and 31.
31
Let c(l) = -l**3 - 7*l**2 + 20*l + 8. Let x be c(-10). What is the highest common factor of x and 24?
12
Suppose -5*a + 14 = 2*l, 4*l + 5 = -a - 3. Suppose -a*g + 616 = 4*u, 4*u + 67 + 549 = 4*g. Calculate the greatest common factor of g and 22.
22
Let y(w) = 3*w**2 - 20*w + 21. Let k be y(13). Calculate the highest common factor of 201 and k.
67
Suppose 22 = -2*u - 92. Let f = u - -117. Calculate the highest common divisor of f and 540.
60
Suppose -88 = -44*c + 46*c. Let s = -43 - c. What is the greatest common factor of 4 and s?
1
Let v be (-18)/(-15) + (-235)/(-50)*4. Calculate the greatest common divisor of v and 132.
4
Let r be 18/24 + 20931/12 + 5. Calculate the highest common divisor of 10 and r.
10
Let t(p) = p**2 + 8*p - 13. Let h be t(-17). Calculate the highest common factor of 84 and h.
28
Suppose 4*u = 2*z - 240, z + 2*z + 2*u - 368 = 0. Suppose 5*h + 0*a - 168 = -4*a, 4*h - 3*a = z. What is the greatest common divisor of h and 48?
16
Suppose 4*f - 26*f = -44. What is the highest common divisor of f and 17?
1
Suppose 5*h = 2*o + 13, -6*o + 2*o + 1 = -h. Suppose h = -2*i - 3*v, -v = -i + v + 16. Let t be 0 + 18/(-3 + i). What is the highest common divisor of 54 and t?
6
Let w be (-2)/(-2 + (-4 - -7)). Let m be 1/w - (-296)/16. Let b(l) = -l**3 + 2*l**2 + 4*l + 7. Let p be b(-5). What is the greatest common factor of p and m?
18
Suppose 1660 = 26*t - 212. Calculate the highest common factor of t and 18.
18
Let l(p) = 3*p + 57. Let d be l(-20). Let c be 4/(-1) - 2/2. Let g be (d/(-3))/(c/(-95)). What is the greatest common divisor of 171 and g?
19
Suppose 4*i = 4*h - i - 172, -2*h - 5*i + 56 = 0. Let p = h + -24. Suppose 0 = -8*l + 114 + 110. Calculate the greatest common divisor of l and p.
14
Suppose 0 = 17*s - 144 + 8. Let k(g) = -8*g**3 + g**2 + 2*g. Let c be k(-2). What is the greatest common factor of c and s?
8
Suppose -186*v - 1575 = -221*v. Let m(p) = 5*p - 5. Let c be m(4). Calculate the highest common divisor of v and c.
15
Suppose -25 = -10*b + 5*b. Suppose b*t - 17 - 28 = 0. What is the highest common factor of 1 and t?
1
Let x be 4/(-9) + 269886/837. Let u be (-1)/4 - (-185)/4. What is the highest common divisor of x and u?
46
Let b = 58 - 42. Suppose 4*u + 2*a = 74, -4*a = -0*a - 20. Let v be (-1154)/(-8) + (-4)/u. What is the greatest common divisor of v and b?
16
Suppose -3*b + 67 = -4*l - 289, -b = -l - 118. What is the greatest common divisor of 1392 and b?
116
Let u be 2/6*3*(-17 + 16). Let j(p) = 15*p - 1. Let a be j(1). Let b = a + u. Calculate the greatest common divisor of b and 91.
13
Suppose 0 = -3*c - c + 2*f + 64, 5*f = -4*c + 36. Let r be (1 + 0 - 2)*48. Let k = 69 + r. Calculate the greatest common divisor of c and k.
7
Let n be 8816/266*14/4. What is the highest common divisor of 116 and n?
116
Suppose 778 - 238 = 5*z. Suppose 5*u = -25, 2*w - 598 = -w - u. Suppose -4*g = -4*c + 108, -4*g - 66 + w = 5*c. Calculate the greatest common factor of c and z.
27
Let b = 191 + 82. What is the greatest common factor of 63 and b?
21
Let s = 101 - 95. Calculate the greatest common factor of 486 and s.
6
Suppose 5184 = -9*v + 25*v. What is the greatest common factor of 72 and v?
36
Let a = -9 + 20. Suppose -7*k = 10 + 4. Let d be k/3 - 40/(-24). Calculate the greatest common divisor of a and d.
1
Suppose -i + 384 = 4*q - 2939, 0 = 5*q - 5*i - 4185. What is the highest common divisor of 26 and q?
26
Suppose -2*o = 2*a - a - 3, 3*o + 4*a + 8 = 0. Suppose 0 = 2*l - 9 - 19. Suppose l = o*p - 42. Calculate the greatest common factor of 35 and p.
7
Let p(k) = k**3 + 5*k**2 + 2*k - 2. Let x be p(-4). What is the highest common divisor of x and 114?
6
Suppose -3*u + 9 = s, -9 = -s - 2*s - 3*u. Suppose 0 = -3*t + 7 + 8. Let f = t - s. What is the highest common factor of f and 50?
5
Let r be (-48)/112*7*(-2)/3. Let k(l) = l**3 - 5*l**2 - 5*l - 2. Let f be k(6). What is the highest common factor of r and f?
2
Suppose 5*h + 9 = -4*o, -4*h + 0*h - 4 = 0. Let r be o + (-399)/(-3) + -4. Calculate the highest common divisor of r and 8.
8
Suppose x + 3*x = 20, x = 5*r - 35. Let k be (-44)/5*10*-1. Calculate the greatest common divisor of r and k.
8
Let v = -157 + 381. What is the greatest common factor of 28 and v?
28
Let a(c) = -2*c**2 + 46*c - 45. Let l be a(14). Calculate the greatest common factor of 18 and l.
9
Let v be ((-1)/2)/((-1)/6). Suppose 7 = 4*j + v*m - 53, -2*j + 44 = 5*m. Let q be j - (-3 - 12/(-2)). Calculate the greatest common divisor of q and 72.
9
Suppose 0*h + 280 = 7*h. Let v = 59 - h. What is the highest common divisor of 76 and v?
19
Let j(i) be the second derivative of -i**3/6 + 35*i**2/2 + 25*i. Let t be j(25). Calculate the highest common divisor of t and 10.
10
Let y be -2*2/4 + -109. Let g = y + 169. Suppose -2*m - 5*w + g = 15, -w = 5*m - 156. Calculate the greatest common divisor of 8 and m.
8
Let l be 3*3/((-36)/(-160)). Let a be (-8)/(-4*((-28)/l)/(-7)). What is the highest common divisor of a and 100?
20
Let z(l) = -2*l + 18. Suppose 5*u - 2*u - 6 = 0. Suppose 2*i - 28 = -u*i. Let p be z(i). What is the highest common divisor of 28 and p?
4
Let p = -66 - -126. Suppose 4*f - i - 207 = 4*i, f = 4*i + p. What is the highest common factor of 6 and f?
6
Suppose -3*j - 3*y + 342 = 0, 2*j - 235 = 6*y - y. Suppose 86*r - 3335 = 621. Calculate the greatest common divisor of r and j.
23
Let w be (12/(-10) - 0)*-5. Suppose -18 = -3*v + w. Suppose 0 = 389*o - 380*o - 288. Calculate the highest common divisor of o and v.
8
Let c = 934 + -916. Calculate the highest common divisor of 882 and c.
18
Suppose -2*r = 4*r - 36. Suppose 3*c - r = 9. Suppose -2 = c*i - 3*d - 12, -6 = -3*i + 5*d. Calculate the highest common divisor of 14 and i.
2
Suppose -5*b + 5*c = -290, c + 3*c = b - 52. Calculate the greatest common divisor of 8 and b.
4
Let f = 57 + -46. Suppose -f - 1 = -3*i, 4*i = -2*c + 60. Calculate the highest common factor of c and 44.
22
Let l(b) = b**3 - 12*b**2 - 17*b - 11. Let r be l(13). Let g be (1 - 0)/((-9)/r)